pose -3*k + 140 = -h, q*k + 3*k - 3*h - 144 = 0. What are the prime factors of k?
2, 23
What are the prime factors of -55 + 51 - (2 - (-178)/(-1))?
2, 43
Let w(l) = 2*l**2 + l. Let i be w(1). Suppose i + 5 = 4*v. List the prime factors of v + 14 + 1 - 0.
17
Suppose 1935 = 3*k + j + 401, -k + 507 = -4*j. What are the prime factors of k?
7, 73
Suppose 5*i - 5*p - 8440 = 0, 2*i - 22*p + 19*p - 3380 = 0. What are the prime factors of i?
2, 421
Let h be 63 + (-6)/3*-2. Suppose -h = -8*u + 125. Suppose 0*k - k = -u. What are the prime factors of k?
2, 3
Let z = -15 - -5. Let i = 28 + z. Suppose -3*d + 0*d = -i. What are the prime factors of d?
2, 3
Let k be -1*2 + 2 + 0. Suppose 0*g = -3*g + 45. Suppose 0 = -5*x + g - k. What are the prime factors of x?
3
Suppose 0 = 16*a - 2*a - 8792. What are the prime factors of a?
2, 157
Let b be 1/(-6) + 0 + (-129)/(-18). Suppose 10 + b = n. List the prime factors of n.
17
Let v be (1 - 4 - -3)*1. Let p be 3 + -4 - v - 0. What are the prime factors of (-153)/18*2/p?
17
Let i = -783 + 1702. What are the prime factors of i?
919
Let d be -4*((-18)/(-8) + 0). Let u(g) = -g**2 - 23*g - 10. Let q be u(d). Suppose 4*y - 2*a = 2*a + q, y = -3*a + 37. What are the prime factors of y?
31
Let f = 247 - -791. List the prime factors of f.
2, 3, 173
Let h be 6/(-21) + (-90)/(-21). Suppose -i + 20 = h*i. Suppose 5*d + i = 19. What are the prime factors of d?
3
Let u(p) = -64*p + 5. Let y be u(1). Let w = 167 + y. What are the prime factors of w?
2, 3
Suppose 3476 = -14*q + 12030. List the prime factors of q.
13, 47
What are the prime factors of 2/7 + 23428/28?
3, 31
Let y be 110*276/(-90)*-3. Suppose 373 = 5*z - y. What are the prime factors of z?
277
Let c be (-2)/13 - 1888/(-104). What are the prime factors of (159/(-2))/(c/(-24))?
2, 53
Suppose -3*t - 25 = 5*y, -3*t + 5 = 2*t - y. Suppose 4*l - 2*i - 2 = t, -5*l + i = 3 - 13. What are the prime factors of l?
3
Let n(i) be the third derivative of 2*i**5/5 + i**3/6 + 11*i**2. Let t(u) be the first derivative of n(u). List the prime factors of t(1).
2, 3
Suppose 4*b = 332 + 68. Suppose -2*g + b = 5*i - g, 3*i - 60 = -3*g. List the prime factors of i.
2, 5
List the prime factors of 82397/35 - 14 - 8/(-10).
2341
List the prime factors of 468*(16/(-12) - -2).
2, 3, 13
Let g(u) = u**3 + u**2 - 99. Let v be g(0). What are the prime factors of 826/18 - 11/v?
2, 23
Let o(j) = -7*j + 392. Let h be o(39). Let m = -149 - -86. Let z = h + m. What are the prime factors of z?
2, 7
Let z = 1863 + -892. List the prime factors of z.
971
Let i(o) be the second derivative of o**3/2 - 6*o**2 - o. Let d = 26 + -11. List the prime factors of i(d).
3, 11
Suppose -3*o + 3*s - 26 = -2, 3*o + 4*s + 24 = 0. Let a = 10 - o. Suppose -i = -1 - a. List the prime factors of i.
19
Let m = 12 + -8. Let s(g) = 38*g + 2. Let z be s(m). Suppose 3*v + 1 = 7, 5*c - z = -2*v. What are the prime factors of c?
2, 3, 5
Let l(y) = -2 + 4*y + 4*y - y + 11 + y**2. Let w be l(-6). Suppose 3*k + w*c = 33, -2*k + 2*c = c - 22. List the prime factors of k.
11
Suppose -5*j + 22 = n, -2*n - 2*n - 12 = 0. Suppose j*o - 655 = -v, 0*v - 4*v = -20. What are the prime factors of o?
2, 5, 13
Suppose -96 = -2*t - w, -4*w + 243 = -6*t + 11*t. What are the prime factors of t?
47
Let m(l) = -l**3 + 12*l**2 - 19*l + 7. Let y be m(11). Let f = 117 + y. What are the prime factors of f?
2, 3
List the prime factors of -625*((-2)/(-6) + 870/(-450)).
2, 5
Suppose 6*h - 3*q - 2 = 2*h, 5*h + 3*q = -11. Let i(g) = -95*g + 11. What are the prime factors of i(h)?
2, 53
Let l(f) be the first derivative of -3*f**2 + 0*f**3 + 9 + 5*f + 1/4*f**4. What are the prime factors of l(4)?
3, 5
Let d(y) = 24*y**2 - 6*y + 2. Suppose -3*n + 3 = -7*b + 10*b, 4*n + 11 = b. What are the prime factors of d(b)?
2, 5
Suppose 0 = 4*q - 11 - 5. Suppose -20 = -q*c + 12. What are the prime factors of (c - 13)*-11*1?
5, 11
Let v(k) = -46*k - 3. Let j be v(-2). Suppose j = 10*n - 381. What are the prime factors of n?
47
Let z(q) = q**3 - 3*q**2 + 3. Let m be z(0). What are the prime factors of 215 + m/(-5) + (-96)/40?
2, 53
Let p(i) = -i**3 - 13*i**2 + 14*i + 4. Let b be p(-14). Let o be (0 + 1)*(2 - 3). Let a = b - o. What are the prime factors of a?
5
Let r = 244 - -291. Suppose -w - r = -6*w. List the prime factors of w.
107
Let y be 14/(-35) + 2/5. Suppose -3*s - 4*c + 5 = -23, y = 5*c - 20. Suppose s*u - 20 - 6 = -5*h, -4*h - 17 = -u. List the prime factors of u.
3
Suppose l + l + a = -25, l - 5*a + 29 = 0. Let c(p) = p**3 + 13*p**2 - 20*p - 3. List the prime factors of c(l).
3
Let w = 574 - -1612. List the prime factors of w.
2, 1093
Let z be (44/(-66))/((-2)/(-12)). Let v(y) = 1 - 4 + 2*y**2 + y - 3*y. What are the prime factors of v(z)?
37
Suppose 2*j + 8*n - 3*n = 1062, -n = -j + 545. What are the prime factors of j?
541
Let v be 1/(-5) - -1 - 6066/(-30). Let x = v + -127. What are the prime factors of x?
2, 19
Let m(d) = -d**3 + 25*d**2 + 23*d + 16. List the prime factors of m(24).
2, 11, 13
Let s(x) be the third derivative of 17/6*x**3 + 0 + 1/24*x**4 - 2*x**2 + 0*x. What are the prime factors of s(-12)?
5
Suppose 48946 = 47*v - 18875. What are the prime factors of v?
3, 13, 37
Let m(o) = -o**3 - 3*o**2 - 10*o. Let z be m(-4). Suppose -3*g + 33 = f, 5*f - 3*f + g = z. What are the prime factors of f?
3
Let x(z) = -27*z + 67. What are the prime factors of x(-38)?
1093
Let a(x) = 4*x**2 - 41. What are the prime factors of a(5)?
59
Suppose -c = -4*w + 5*w - 55, 3*w + 315 = 5*c. Let g be (3/(-6))/(2/c). List the prime factors of (-207)/g - (-1)/5.
2, 7
Suppose -40 = -2*y + 2*s, -8*y + 3*s + 108 = -3*y. Let k = y + -22. Suppose -h + 4*w + 4 = -28, -k*w = -h + 32. List the prime factors of h.
2
List the prime factors of (-8)/(-76) + (-176025)/(-95).
17, 109
Let y(m) = 35*m + 202. What are the prime factors of y(41)?
1637
Suppose 2*w - t + 1176 - 5132 = 0, -4*w + 7908 = -4*t. List the prime factors of w.
1979
Suppose 0 = -5*x - 4*x + 18. Suppose 5*q = -0*d - d + 47, -x*q = 10. List the prime factors of d.
2, 3
Let m(c) = -c**2 - 5*c - 3. Let s be m(-6). Suppose -3*u - n + 86 = 2*u, -4*u = -3*n - 65. Let k = s + u. What are the prime factors of k?
2
Let u(v) = -25 - 18*v + 43 - 44*v - 26. List the prime factors of u(-2).
2, 29
Suppose r - 5*s + 4*s = 9, 0 = 5*r - 2*s - 30. Suppose 0*k - 4*k + r*b = -48, -5*b + 60 = 5*k. List the prime factors of k.
2, 3
Let x be 4/(-6)*(-3 + 0). Let m be 2/(-9) - 492/(-27). Suppose -x*q - m = -72. What are the prime factors of q?
3
Let x be (-44 + -8)*((-82)/8 - -2). Suppose 0 = 2*u + 4*t - 446, t - 695 = -5*u + x. What are the prime factors of u?
3, 5
Let j = -1043 + 1958. Let k be -4 + (-8)/(-6)*(-18)/(-4). List the prime factors of k/5 + j/25.
37
Let j(t) = 5*t + 5*t + 7 - t**2 + 8. List the prime factors of j(7).
2, 3
Let a(n) = -n**3 + 27*n**2 - 50*n + 80. List the prime factors of a(18).
2, 131
Let g(a) = -a + 7. Let f be g(8). Let m(q) = 3*q**2. Let n be m(f). Suppose 2*h = x + 33, -2*h - n*x + 8*x + 37 = 0. List the prime factors of h.
2
Let s(x) be the third derivative of 1/8*x**4 + 0*x + 3*x**2 - 1/3*x**3 + 0. List the prime factors of s(3).
7
Suppose 15 = 3*v - 6*v, 0 = -4*p + 2*v + 774. List the prime factors of p.
191
Let n(h) = 15*h**2 + 4*h - 5. Let z be n(5). Suppose -5*l + 2*l = 3*g - z, -l - 130 = -g. List the prime factors of g.
2, 5, 13
Suppose -8*w + w = 0. Suppose 8*b = 3*b, -2*p - 3*b + 22 = w. Suppose 370 = -s + p*s. What are the prime factors of s?
37
Suppose -10*y = -66 - 1504. What are the prime factors of y?
157
Suppose -4*j - 5*r - 28 = -0*r, -j - 18 = 4*r. Let d be (-9)/6*112/(-42). What are the prime factors of j/4 - (-110)/d?
3
Let x(r) = -2*r + 6. Suppose 4*o + 434 = -2*b, b + 233 = -4*o - 200. Let g be 24/o + 2/9. List the prime factors of x(g).
2, 3
Let p = 5762 + -1916. Suppose 18*q = p - 678. List the prime factors of q.
2, 11
Suppose 36 = -3*h + h. Let l = 19 + h. What are the prime factors of (-296)/(-24) - l/3?
2, 3
Suppose 8 = 4*g - 4. Let h be -3 + -1 + g - -7. Suppose 3*y - h*y = -120. List the prime factors of y.
2, 5
Let l(a) = 2*a**2 + 8*a - 39. Let y(f) = -f**2 - 5*f + 26. Let z = 39 + -31. Let o(j) = z*y(j) + 5*l(j). List the prime factors of o(-5).
3, 7
Let i(o) = -o**2 - 10*o - 7. L